-1) + 255/d prime?
False
Let h be -9 + (1 + 0)/(-1). Let x(o) = -o**3 - 10*o**2 - 4*o + 13. Is x(h) a prime number?
True
Is (-644)/(-184)*(-1 + (-5838)/(-2)) composite?
True
Suppose 17878 = 12*x - 10*x. Is x a composite number?
True
Suppose y + 109 = d - y, -d + 4*y = -109. Is d a composite number?
False
Let l be (-2 + 1)/(-5 + 6). Is l/(-2) + (-138)/(-4) prime?
False
Let s(b) = b**2 - 4*b - 3. Let o be s(3). Is (-17134)/(-39) + 2/o composite?
False
Let d(u) = 48*u + 7. Is d(11) a prime number?
False
Let k = -551 - -41. Let d = -325 - k. Is d composite?
True
Let z = 25 - -7. Suppose -j = 9 - z. Is j prime?
True
Let z be -414 + 2/(-4)*-4. Let q = 635 + z. Is q prime?
True
Let c = 4316 - 2377. Is c a prime number?
False
Let a be (-5 + 9)*9/(-2). Let s = -58 + a. Let n = s + 143. Is n prime?
True
Let t be 15/((-24)/28 - -1). Let f = t - 50. Is f a prime number?
False
Let g = -6 - 11. Let k = 132 + g. Is k prime?
False
Let p be ((-2)/(-6))/(2/12). Suppose 0 + 8 = -2*f, -20 = -3*a + p*f. Is (2/a)/((-2)/(-12)) composite?
False
Let r(q) = 6*q + 7. Let u = -10 + 17. Is r(u) prime?
False
Let o = -507 + 1060. Is o composite?
True
Let g(v) = v**2 - 4*v - 3. Let x be g(4). Let q = -6 - -8. Is (1/x)/(q/(-534)) prime?
True
Let j be -1*2/1 + (-7 - -12). Let h = 4 + 0. Suppose 3*x + 22 = r, -j*x + x = -h*r + 38. Is r composite?
False
Let u = -608 + 897. Let y = -186 + u. Is y prime?
True
Let n = -77 + 166. Let h be 3*2*(-10)/(-30). Suppose -n = m - h*m. Is m a prime number?
True
Let q(n) = 94*n + 14. Let b(p) = 19*p + 3. Let t(k) = -11*b(k) + 2*q(k). Is t(-2) a prime number?
True
Let l(z) = -z**3 - z - 1. Let r(b) = b**2 + 88. Let w(m) = -l(m) + r(m). Is w(0) a prime number?
True
Let j = -2807 + 5178. Is j a prime number?
True
Is ((-10)/(-15))/((-2)/(-309)) a composite number?
False
Suppose -5*o + 7 + 18 = 0. Suppose 0 = -3*c - 2*c + b + 23, 5*b = -o*c + 5. Suppose -9*q + 1115 = -c*q. Is q a prime number?
True
Suppose 2*n - 210 = -2*r, 3*n - 3*r - 509 = -2*n. Is n composite?
False
Let r(u) = 2*u**3 + u. Let g be r(1). Let d(k) = 33*k + 4. Is d(g) composite?
False
Suppose -r = -2*f - 2, 0 = 5*r + f + 1. Suppose 3*o + o - 308 = r. Is o a prime number?
False
Let o = -11 - -8. Is o/(-6)*-2 - -116 a prime number?
False
Suppose 6*z - 4 = 2*z + 4*s, 2*s = 3*z - 4. Suppose 0 = 2*d - 5*i, 3*d = z*i + 12 - 1. Suppose d - 2 = -x, 33 = 5*u + 4*x. Is u prime?
False
Let z(p) = p**3 - 5*p**2 - 5*p - 1. Let o be z(6). Suppose 45 = o*g - 530. Suppose b + 4*b = g. Is b a composite number?
False
Let c(s) = 2*s**2 - 3*s + 2. Let m be c(2). Is -3*(3 - m) - -2048 a composite number?
True
Let d = -1317 - -3754. Is d composite?
False
Let n be (3 - (1 + 1))*5. Let h be 20/30 - 4/(-3). Suppose -2*l + 4*c = l - 123, -n*l - h*c + 179 = 0. Is l prime?
True
Suppose 90 = -2*b + 2*i, 5*i - 43 = 4*b + 135. Let f be (-3)/6 - b/2. Suppose -2*d + f = -d. Is d a prime number?
True
Is 3/15 - (-348)/10 prime?
False
Suppose 0 = 5*g + 5*j, 40 = 4*g + g - 5*j. Suppose -g*b + 39 = -37. Is b a composite number?
False
Let m be 4 + (1 - (-1 + 3)). Let a be ((-32)/(-10))/(-4)*-225. Suppose -2*r = -5*x + 187, -2*x - m*x - 5*r + a = 0. Is x prime?
True
Suppose -21*i + 71076 = -9*i. Is i composite?
False
Let v(w) = 54*w**2 + 1. Suppose -3*g - 2*g = 5. Is v(g) prime?
False
Let p be 10/(-3)*9/(-6). Let d(z) = 0*z + p + 0*z + 3*z. Is d(6) a prime number?
True
Suppose -715 = -5*w - 5*q, w + 3*q - 288 = -w. Is w a prime number?
False
Let f(w) = 2*w**3 - 9*w**2 - 8*w - 2. Is f(7) a prime number?
False
Suppose 3 = 4*i - 5. Suppose 0 = -2*s - 8, d + 3*s = -i*s + 17. Is d composite?
False
Suppose -4 - 41 = 3*f. Is 2 + f/6*-34 prime?
False
Let p(u) = 5*u**2 + 9*u + 15. Is p(8) composite?
True
Suppose -313 = -w - 0*w. Suppose -2*i = -5*h - 164, -w = -3*i + 4*h - 74. Is i composite?
True
Let i = -31 + 42. Is i prime?
True
Let y be (-1)/(1/(-26)) - 2. Suppose 6 = 2*i + r, -5*i = -2*r - 0*r - y. Suppose 3*b = 2*a + 2*a - 40, -i*b - 49 = -5*a. Is a prime?
True
Let z be (-3)/6 - 2/(-4). Suppose z = -3*w + l + 11, 2*w + 0*l - 8 = l. Is (-101)/(-3) - 2/w prime?
False
Suppose 0 = -5*g - 2*c + c - 49, -4*g = -c + 41. Let q(f) = -3*f - 5*f - 178 + f + 185. Is q(g) composite?
True
Let f = 23 - 16. Is f a prime number?
True
Suppose -t + 3*t + 4*g = -4, -1 = -4*t + g. Suppose t = -6*o + o. Suppose o = 3*j - 0*j - 99. Is j composite?
True
Let q(z) = 2*z**2 - 5*z + 1. Let s = 1 - 5. Is q(s) a prime number?
True
Suppose 4*m - 658 = 986. Is m composite?
True
Suppose 3*a - 2097 = -534. Is a prime?
True
Let p(a) = -a - 1. Let b be p(-3). Suppose b*z = x - 24, 5*z - 60 - 49 = -4*x. Is x composite?
True
Let a(p) = 8*p**2 + p + 3. Let m = -13 - -9. Is a(m) prime?
True
Let l = 70 + -19. Let q = l + 68. Is q a prime number?
False
Suppose -w - i = -3*i - 265, 3*w - 783 = 2*i. Is w composite?
True
Suppose 0 = -2*k - l + 10 + 15, -k = 2*l - 8. Let t = k - 8. Suppose v = t*v - 335. Is v prime?
True
Suppose -3*x - 4*g + 19 + 3 = 0, 5*x + 3*g - 22 = 0. Suppose 3*f + 599 = -4*d - 2*f, -x*f - 6 = 0. Let q = -93 - d. Is q composite?
False
Suppose -g + 1 - 5 = 0. Is (-1)/g + (-147)/(-4) composite?
False
Let h = 4 + 0. Suppose 0 = -f - 5*m + 51, 5*f = h*m - 47 + 186. Is f a prime number?
True
Let z be (-5)/(-3) + 3/9. Let y be 5 + -2 + (125 - z). Let n = y + -43. Is n composite?
False
Let b be -129*(-2 - (-2)/2). Let l = b - 92. Is l prime?
True
Let t = -1 - -2. Let s be 0/1 - -2*t. Suppose s*h - 80 = 26. Is h composite?
False
Let z(n) = -3398*n - 9. Is z(-1) prime?
True
Suppose 2 = 2*v - 2. Suppose -2*h - v*h = 212. Let d = h - -92. Is d a composite number?
True
Let h(d) = d**2 + 2*d + 3. Is h(-2) a prime number?
True
Suppose 2*r = k + 1447, -991 = -3*r - 3*k + 1193. Suppose 0 = -6*h + h + r. Is h prime?
False
Suppose -2776 + 71 = -5*g. Is g a prime number?
True
Let c = 763 + -1792. Is c/(-9) - (-10)/15 prime?
False
Suppose 0 = -4*u - 2*c + 1222, 2*c + c - 1219 = -4*u. Is u prime?
True
Let z = 29 - 18. Let h(j) = z*j - 5 - 11*j + 10*j. Is h(6) composite?
True
Let n = -8 - -13. Let y(k) = 30*k - 1. Is y(n) a prime number?
True
Let y be 11/2 - (-1)/(-2). Suppose 0 = -4*d + 23 + y. Suppose 5*b + 42 = d*b. Is b prime?
False
Let w = 1496 - 865. Is w a prime number?
True
Let a = -1543 + 6458. Is a a composite number?
True
Let u be (2/(-4))/(3/36). Suppose -2 = -2*z - 6. Let b = z - u. Is b a prime number?
False
Suppose r - 9 = 4*z - 25, 0 = 4*z + 4*r + 4. Suppose -z*m + 2712 = 189. Suppose -5*y = -m + 246. Is y a composite number?
True
Let s = 79 - -122. Is s a prime number?
False
Let x(o) = -o**2 - 7*o + 9. Let p be (-8)/32 - (-25)/4. Suppose p = -5*i - 29. Is x(i) a prime number?
False
Let p = 93 + -21. Suppose 0 = -4*y + p + 4. Is y a composite number?
False
Let m(u) = 82*u**2 - 6*u + 3. Is m(2) prime?
False
Let t = 10 - 19. Let l be 258/t*(-9)/6. Suppose -2*g - 5 + l = 0. Is g composite?
False
Let j = -59 + 90. Is j a composite number?
False
Suppose -j = -3*j + 192. Let s = j - 13. Is s composite?
False
Suppose 0 = 2*z - 0*z + 2. Let r be (-4 - z)*(-6)/9. Suppose -n - 91 = -r*n. Is n a prime number?
False
Suppose 3*d = -5*s + 3392, 3*d + s + 2*s = 3402. Is d composite?
True
Is (-4 - 42/(-9))/((-4)/(-3786)) a composite number?
False
Let o = 123 + -34. Is o prime?
True
Let r = 10 + -10. Suppose -i - 749 = -5*i - 3*v, 5*i - v - 960 = r. Is i a prime number?
True
Suppose -3*n - 5*v = -6*n - 284, -2*v + 192 = -2*n. Let o = -40 - n. Is o a prime number?
False
Is 1219 + (-1 + 1)/(-3) composite?
True
Let b(q) = 5*q**3 + 2*q**2 - q - 1. Let p be b(-2). Let d(w) = w**3 - 8*w**2 - 2. Let t be d(8). Is (p - 0)*(t - -1) a composite number?
False
Suppose 0*f - 4*m + 646 = 2*f, 3*m = -4*f + 1282. Let n = -174 + f. Is n a composite number?
True
Let v(g) be the third derivative of -g**6/120 + g**5/60 + g**4/24 + 43*g**3/6 + 5*g**2. Is v(0) composite?
False
Suppose -5*f - 2 = -12. Let y be 3*(f - 1)*-2. Let l(v) = v**3 + 8*v**2 + 7*v - 7. Is l(y) prime?
True
Let p(j) = -15*j + 19. Is p(-24) prime?
True
Suppose 4*u = u + 423. Is u a prime number?
False
Let o be (2 + 1)/3 - -2. Is ((-446)/o)/((-10)/15) composite?
False
Suppose -5*w + w + 44 = 0. Let m = w + -6. Suppose 2*i = -j + 7, 2*j = -m*i + 2 + 16. Is i composite?
True
Let w = -8 + 12. Suppose -2*f + 88 = -2*a - 1